is divided by 34.
28
Calculate the remainder when 9415589 is divided by 1883116.
9
Calculate the remainder when 162516 is divided by 54156.
48
Calculate the remainder when 5261444 is divided by 5261444.
0
What is the remainder when 1657071 is divided by 828413?
245
Calculate the remainder when 5061 is divided by 4376.
685
Calculate the remainder when 14035 is divided by 12380.
1655
Calculate the remainder when 2553157 is divided by 4009.
3433
Calculate the remainder when 105134 is divided by 51902.
1330
Calculate the remainder when 1063437 is divided by 648.
69
What is the remainder when 118709481 is divided by 4748379?
6
Calculate the remainder when 3087738 is divided by 2902.
10
Calculate the remainder when 23647389 is divided by 1659.
3
What is the remainder when 416476 is divided by 17353?
4
Calculate the remainder when 61187 is divided by 1797.
89
Calculate the remainder when 14685537 is divided by 28.
13
Calculate the remainder when 637751 is divided by 17722.
17481
What is the remainder when 87588833 is divided by 22?
13
What is the remainder when 556513 is divided by 309?
4
Calculate the remainder when 2389458 is divided by 231.
225
Calculate the remainder when 683555 is divided by 14254.
13617
Calculate the remainder when 548810759 is divided by 2120.
2119
What is the remainder when 7105909 is divided by 697?
691
What is the remainder when 419245 is divided by 52403?
21
Calculate the remainder when 371865526 is divided by 54422.
0
Calculate the remainder when 9544805 is divided by 477237.
65
Calculate the remainder when 154850 is divided by 42.
38
Calculate the remainder when 8950907 is divided by 358036.
7
Calculate the remainder when 355439 is divided by 32311.
18
What is the remainder when 15998477 is divided by 210506?
21
What is the remainder when 90526840 is divided by 3615?
10
Calculate the remainder when 764522 is divided by 509.
4
Calculate the remainder when 313017 is divided by 312998.
19
Calculate the remainder when 17486 is divided by 7949.
1588
What is the remainder when 383876 is divided by 26638?
10944
What is the remainder when 213097 is divided by 21?
10
What is the remainder when 7621614 is divided by 2304?
2286
What is the remainder when 59190 is divided by 4031?
2756
Calculate the remainder when 906258 is divided by 29234.
4
What is the remainder when 54954 is divided by 489?
186
Calculate the remainder when 37110787 is divided by 514.
501
What is the remainder when 352730 is divided by 12573?
686
Calculate the remainder when 265304449 is divided by 28.
25
Calculate the remainder when 9837913 is divided by 1229739.
1
Calculate the remainder when 1985460 is divided by 799.
744
Calculate the remainder when 142869 is divided by 15788.
777
What is the remainder when 507042 is divided by 506809?
233
Calculate the remainder when 62633 is divided by 1736.
137
Calculate the remainder when 15174 is divided by 43.
38
What is the remainder when 2270585 is divided by 23408?
9
What is the remainder when 19801331 is divided by 282876?
11
Calculate the remainder when 610896 is divided by 12726.
48
Calculate the remainder when 2229029 is divided by 62.
5
What is the remainder when 6996857 is divided by 3648?
3641
Calculate the remainder when 9315540 is divided by 242.
234
What is the remainder when 1958388 is divided by 1415?
28
Calculate the remainder when 448391 is divided by 141.
11
Calculate the remainder when 767784 is divided by 2568.
2520
What is the remainder when 113960 is divided by 18743?
1502
What is the remainder when 87200 is divided by 5833?
5538
Calculate the remainder when 23892841 is divided by 2078.
2075
What is the remainder when 2242629 is divided by 3181?
24
Calculate the remainder when 18689100 is divided by 4672273.
8
Calculate the remainder when 525999 is divided by 261300.
3399
Calculate the remainder when 20111907 is divided by 3351984.
3
What is the remainder when 119606 is divided by 533?
214
Calculate the remainder when 1952189 is divided by 1952148.
41
What is the remainder when 426089 is divided by 5329?
5098
Calculate the remainder when 30313 is divided by 9883.
664
Calculate the remainder when 6900335 is divided by 4205.
4135
What is the remainder when 1078737 is divided by 54?
33
Calculate the remainder when 141924 is divided by 44030.
9834
Calculate the remainder when 309564148 is divided by 59.
57
Calculate the remainder when 76738 is divided by 76471.
267
What is the remainder when 20853506 is divided by 904?
34
What is the remainder when 618477 is divided by 3915?
3822
Calculate the remainder when 1202758 is divided by 12.
10
What is the remainder when 3646189 is divided by 130214?
197
Calculate the remainder when 17464827 is divided by 5201.
5070
Calculate the remainder when 15537870 is divided by 7392.
7278
What is the remainder when 94143508 is divided by 90?
88
What is the remainder when 55684 is divided by 11113?
119
Calculate the remainder when 7196 is divided by 3546.
104
What is the remainder when 60075 is divided by 146?
69
What is the remainder when 54191 is divided by 13432?
463
What is the remainder when 45136224 is divided by 67?
66
Calculate the remainder when 44015 is divided by 648.
599
Calculate the remainder when 42820510 is divided by 8564100.
10
Calculate the remainder when 1417144 is divided by 2354.
36
What is the remainder when 524428 is divided by 29110?
448
What is the remainder when 58512 is divided by 2296?
1112
What is the remainder when 46857 is divided by 7617?
1155
What is the remainder when 75048083 is divided by 3949899?
2
What is the remainder when 77190 is divided by 143?
113
What is the remainder when 59587299 is divided by 130?
109
Calculate the remainder when 5840584 is divided by 20002.
0
What is the remainder when 1555632 is divided by 777813?
6
Calculate the remainder when 2476802 is divided by 1669.
6
Calculate the remainder when 3016654 is divided by 887.
854
Calculate the remainder when 736051 is divided by 27221.
1084
Calculate the remainder when 22206214 is divided by 114465.
4
Calculate the remainder when 1707072 is divided by 3847.
2851
Calculate the remainder when 185183 is divided by 431.
284
Calculate the remainder when 77752 is divided by 4857.
40
What is the remainder when 148030 is divided by 4229?
15
Calculate the remainder when 50927 is divided by 1023.
800
What is the remainder when 48170 is divided by 1988?
458
What is the remainder when 89198090 is divided by 17998?
2
Calculate the remainder when 76873463 is divided by 49.
9
Calculate the remainder when 741423616 is divided by 153.
151
What is the remainder when 71467352 is divided by 80?
72
Calculate the remainder when 459366676 is divided by 248.
244
Calculate the remainder when 164285 is divided by 25654.
10361
Calculate the remainder when 1952538 is divided by 1666.
1652
Calculate the remainder when 8274421 is divided by 48961.
12
What is the remainder when 2022161 is divided by 654?
647
What is the remainder when 1756576 is divided by 136?
0
What is the remainder when 155828 is divided by 49560?
7148
What is the remainder when 148962 is divided by 16530?
192
Calculate the remainder when 356170 is divided by 2095.
20
Calculate the remainder when 2516655 is divided by 419440.
15
Calculate the remainder when 221874413 is divided by 739.
9
What is the remainder when 2183034 is divided by 15593?
14
Calculate the remainder when 9886956 is divided by 9.
6
Calculate the remainder when 636899 is divided by 159204.
83
What is the remainder when 1265464 is divided by 210907?
22
Calculate the remainder when 21205500 is divided by 193.
11
Calculate the remainder when 53843 is divided by 2225.
443
What is the remainder when 73016797 is divided by 27?
22
Calculate the remainder when 10133521 is divided by 34823.
28
Calculate the remainder when 22666875 is divided by 47.
44
What is the remainder when 760004 is divided by 9?
8
What is the remainder when 12988680 is divided by 6494333?
14
What is the remainder when 9704404 is divided by 103?
53
What is the remainder when 232616375 is divided by 678?
677
Calculate the remainder when 2467691 is divided by 2026.
23
What is the remainder when 2005900 is divided by 49?
36
What is the remainder when 2546054 is divided by 8719?
106
Calculate the re